tors of 45586701.
3, 37, 136897
What are the prime factors of 5506672847?
13, 163, 15377
What are the prime factors of 6807530290?
2, 5, 11, 47, 101, 13037
List the prime factors of 4629274746.
2, 3, 771545791
What are the prime factors of 23983198?
2, 953, 12583
List the prime factors of 610635875.
5, 73, 66919
What are the prime factors of 2077603460?
2, 5, 863, 120371
What are the prime factors of 49483141?
17, 199, 14627
List the prime factors of 264370442.
2, 7, 313, 60331
List the prime factors of 32694150.
2, 3, 5, 31, 79, 89
List the prime factors of 276020714.
2, 19, 31, 53, 4421
List the prime factors of 768719190.
2, 3, 5, 25623973
What are the prime factors of 985352560?
2, 5, 389, 31663
What are the prime factors of 646764974?
2, 323382487
What are the prime factors of 831580635?
3, 5, 47, 1179547
List the prime factors of 58270885.
5, 139, 83843
List the prime factors of 1180357506.
2, 3, 193, 339769
List the prime factors of 309547618.
2, 367, 421727
What are the prime factors of 3561540712?
2, 1237, 359897
What are the prime factors of 715411736?
2, 13, 6878959
List the prime factors of 34003081.
7, 103, 47161
What are the prime factors of 99517126?
2, 3329, 14947
What are the prime factors of 4324436778?
2, 3, 17, 937, 45247
What are the prime factors of 148346051?
7, 71, 298483
What are the prime factors of 299283426?
2, 3, 13, 173, 7393
List the prime factors of 3302254631.
13, 254019587
List the prime factors of 68561632.
2, 2142551
What are the prime factors of 1046655800?
2, 5, 167, 31337
What are the prime factors of 5497799495?
5, 13931, 78929
List the prime factors of 1812247.
647, 2801
What are the prime factors of 92180624?
2, 5761289
What are the prime factors of 3312271563?
3, 67, 107, 337, 457
What are the prime factors of 2011420246?
2, 11, 17, 73, 73673
What are the prime factors of 4271027127?
3, 337, 4224557
What are the prime factors of 3377044903?
3377044903
List the prime factors of 2372706313.
113, 2459, 8539
List the prime factors of 22328603.
11, 2029873
What are the prime factors of 32181865?
5, 53, 121441
List the prime factors of 50678523.
3, 7, 97, 8293
What are the prime factors of 629132933?
11, 13, 4399531
What are the prime factors of 3273881398?
2, 29, 56446231
List the prime factors of 2959278086.
2, 2237, 661439
List the prime factors of 1042094230.
2, 5, 104209423
What are the prime factors of 127744903?
11, 13, 6247
List the prime factors of 153277921.
19, 8067259
What are the prime factors of 330339748?
2, 67, 1232611
What are the prime factors of 13034832?
2, 3, 443, 613
List the prime factors of 24916650.
2, 3, 5, 11, 15101
List the prime factors of 4158462.
2, 3, 7, 11, 9001
List the prime factors of 1190980421.
373, 3192977
What are the prime factors of 1928992583?
7, 275570369
What are the prime factors of 248533671?
3, 1999, 41443
What are the prime factors of 64149803?
64149803
What are the prime factors of 1327069948?
2, 31, 10702177
What are the prime factors of 130503304?
2, 31, 526223
What are the prime factors of 1491753924?
2, 3, 41437609
What are the prime factors of 201591180?
2, 3, 5, 7, 29, 613
What are the prime factors of 343906357?
343906357
What are the prime factors of 3557816974?
2, 163, 191, 57139
List the prime factors of 429122044.
2, 13, 89, 92723
What are the prime factors of 3593363?
41, 87643
What are the prime factors of 595721025?
3, 5, 2647649
What are the prime factors of 134486518?
2, 67243259
List the prime factors of 360928921.
17, 19, 65731
List the prime factors of 108280659.
3, 1091, 33083
What are the prime factors of 1584748305?
3, 5, 7, 1613, 3119
List the prime factors of 79867855.
5, 15973571
What are the prime factors of 120342950?
2, 5, 7, 13, 26449
List the prime factors of 63681472.
2, 995023
List the prime factors of 33108934.
2, 443, 37369
List the prime factors of 399912666.
2, 3, 53, 1257587
What are the prime factors of 2180233239?
3, 103, 7055771
What are the prime factors of 30986471?
29, 1068499
What are the prime factors of 76816102?
2, 11, 773, 4517
List the prime factors of 28369008.
2, 3, 97, 677
What are the prime factors of 719390498?
2, 359695249
What are the prime factors of 106134785?
5, 683, 31079
What are the prime factors of 16989003?
3, 1887667
List the prime factors of 81895023.
3, 7, 37, 239
What are the prime factors of 106463242?
2, 53231621
What are the prime factors of 159413689?
159413689
List the prime factors of 821709418.
2, 2543, 161563
List the prime factors of 639073822.
2, 319536911
What are the prime factors of 130190229?
3, 13, 1112737
List the prime factors of 96667943.
8837, 10939
List the prime factors of 4720154216.
2, 139, 4244743
List the prime factors of 139985218.
2, 571, 122579
List the prime factors of 299886569.
299886569
What are the prime factors of 163060449?
3, 2969, 18307
List the prime factors of 722802607.
722802607
What are the prime factors of 185191307?
7, 26455901
What are the prime factors of 7591477?
1483, 5119
What are the prime factors of 1444025627?
11, 131275057
List the prime factors of 901575826.
2, 450787913
List the prime factors of 43482343.
509, 85427
List the prime factors of 936777554.
2, 17, 27552281
List the prime factors of 1366552555.
5, 197, 1387363
What are the prime factors of 202644520?
2, 5, 13, 31, 967
What are the prime factors of 630794784?
2, 3, 6570779
List the prime factors of 9471497.
7, 359, 3769
What are the prime factors of 500654923?
500654923
What are the prime factors of 37569558?
2, 3, 13, 17, 29, 977
What are the prime factors of 752069783?
17, 2273, 19463
What are the prime factors of 104891095?
5, 20978219
List the prime factors of 775778364.
2, 3, 173, 41521
What are the prime factors of 221773641?
3, 331, 223337
What are the prime factors of 1002798518?
2, 73, 281, 24443
What are the prime factors of 124695934?
2, 11, 5667997
What are the prime factors of 82027254?
2, 3, 29, 197, 2393
List the prime factors of 1261973480.
2, 5, 31549337
List the prime factors of 263723404.
2, 7, 9418693
What are the prime factors of 1438881660?
2, 3, 5, 7993787
What are the prime factors of 3832637853?
3, 11, 10558231
List the prime factors of 1442217134.
2, 17, 2671, 15881
What are the prime factors of 362564?
2, 90641
What are the prime factors of 19903187?
19903187
What are the prime factors of 6719404?
2, 23, 73037
List the prime factors of 1975043220.
2, 3, 5, 4211, 7817
List the prime factors of 110133839.
7933, 13883
What are the prime factors of 347722378?
2, 607, 286427
List the prime factors of 332288778.
2, 3, 43, 47, 67, 409
List the prime factors of 880402547.
24971, 35257
List the prime factors of 6850397000.
2, 5, 311, 22027
What are the prime factors of 8980391913?
3, 79, 103, 367883
List the prime factors of 283270816.
2, 37, 419, 571
What are the prime factors of 425261480?
2, 5, 7, 277, 5483
List the prime factors of 73999858.
2, 113, 327433
List the prime factors of 34192050.
2, 3, 5, 227947
List the prime factors of 408279647.
23, 47, 377687
What are the prime factors of 48767845?
5, 7, 1393367
List the prime factors of 187030792.
2, 13, 409, 4397
What are the prime factors of 4707610396?
2, 5867, 200597
List the prime factors of 169970731.
7, 24281533
What are the prime factors of 113268910?
2, 5, 373, 30367
What are the prime factors of 392050965?
3, 5, 61, 428471
List the prime factors of 511227782.
2, 13, 1123, 17509
List the prime factors of 770325451.
7, 110046493
What are the prime factors of 302958844?
2, 103, 735337
List the prime factors of 916394641.
89, 10296569
What are the prime factors of 339209059?
7, 6481, 7477
What are the prime factors of 1213233289?
1213233289
What are the prime factors of 586934070?
2, 3, 5, 61, 67, 4787
List the prime factors of 1311905056.
2, 7, 11, 71, 7499
What are the prime factors of 136329695?
5, 27265939
What are the prime factors of 429693692?
2, 107423423
List the prime factors of 32080400.
2, 5, 11, 23, 317
What are the prime factors of 341106274?
2, 170553137
List the prime factors of 486562990.
2, 5, 41, 1186739
List the prime factors of 2428715.
5, 61, 7963
What are the prime factors of 256626974?
2, 29, 73, 60611
What are the prime factors of 1376901275?
5, 55076051
List the prime f